f 37/4*i**4 - i**2 - i + 2 - 1/3*i**3. Is d(2) a composite number?
True
Let z = -16 - -26. Let u = 25 - z. Is u composite?
True
Let d(i) = -93*i**3 + i**2 + i. Is d(-1) a prime number?
False
Suppose 3*w + 2*w = -4*d + 165, -w = 3. Is (-10)/d - (-562)/18 a prime number?
True
Let x = 27 + -77. Let u = 33 - x. Is u composite?
False
Let l(i) = i + 7. Let j be l(-4). Suppose 0 = 5*f + 15, 3*b + 8*f - j*f = 1242. Is b a prime number?
True
Let u = -3 - -5. Suppose u*w - 302 = 348. Suppose g + w = 6*g. Is g a composite number?
True
Let t be -4*(6/(-4) - -1). Suppose -c - 4 = -t*m + 3, 0 = m - c - 4. Is (-23)/m*(0 + -3) composite?
False
Suppose s = -0*s - 5*k, 0 = -5*s + 2*k + 27. Let p(y) = y**3 + 5*y**2 - 6*y + 3. Is p(s) prime?
True
Suppose -2*f = -0*f. Is 3 + 858/3 + f prime?
False
Let i(u) = u**2 - u. Let a(t) = t**2 - 2*t - 14. Let s(k) = -a(k) + 2*i(k). Is s(0) a prime number?
False
Suppose 3*r = -5*l + 20, -1 = l + 3*r - 5. Suppose -3*n - 12 = 5*m - 35, m = -l*n - 9. Is m prime?
True
Let g = -1497 - -2266. Is g a prime number?
True
Suppose 0 = 9*h - 6*h. Suppose 6*a - 7*a + 181 = h. Is a a composite number?
False
Let m = 811 - 546. Is m composite?
True
Suppose w + 2*w = 9, 0 = -3*t - 4*w + 483. Is t composite?
False
Suppose -158 = 2*c - 546. Is c prime?
False
Suppose 4*x = -k + 20 + 13, k - 8 = x. Suppose 8*i + 265 = k*i. Is i a prime number?
True
Is (-2)/(4/(-2062))*1 prime?
True
Suppose 315*f - 311*f = 6148. Is f composite?
True
Suppose 4*q - 27 = -3*a, -3*q = 3*a + 2*a - 34. Suppose -g + a = -0*g. Suppose 3*f = 4*t + 149, g*f + 90 = 3*t + 331. Is f a composite number?
False
Suppose -5*y - 2*f + 9849 = 0, y = 4*y + 3*f - 5913. Is y a composite number?
True
Let g(u) = -2 - 3*u - u - 1. Let m be g(-2). Suppose 67 = m*c - 168. Is c a composite number?
False
Let p(a) = a. Let v be p(-2). Let f be (-5 - v)/((-6)/4). Let z = 0 + f. Is z composite?
False
Let l(g) = -16*g + 5. Is l(-4) a composite number?
True
Let f = -258 + 1009. Is f a prime number?
True
Let u be (-5 - 0)*(4 + -1). Is (-6)/u - (-393)/5 a composite number?
False
Let v be ((-4)/3*3)/(-2). Suppose 3*r = -v*y + 51, -57 = -4*y + y + 2*r. Is y composite?
True
Suppose -c + 8 = y, -c - 31 = -5*y - 3*c. Suppose o - 270 = -4*m, -y*m + o + 53 = -280. Is m a composite number?
False
Let j be ((-9)/4)/((-15)/(-40)). Is (-97)/(-5) + j/15 a composite number?
False
Let u(n) = -n**3 - 5*n**2 - 3*n. Let t be u(-5). Suppose 3*y + 4*m - 91 = 0, 2*m + m = -t. Is y a composite number?
False
Let b = 3467 - 1616. Is b a composite number?
True
Suppose 13*x + 356 = 17*x. Is x composite?
False
Let x(o) = 4*o**2 - 5*o + 23. Is x(-7) a composite number?
True
Is (-12)/(-18) + 4405/3 a prime number?
False
Suppose 0 = -2*b - t - 2*t + 1, 0 = b - 3*t + 22. Let c(d) = -3*d - d + 3*d. Is c(b) a composite number?
False
Suppose 4*d = 2*v - 46, -v + 35 = 2*d + 2*d. Suppose 8*i = 3*i + 280. Let m = v + i. Is m composite?
False
Let j(s) = -5 - 3*s - 1 + 1 + 6*s**2 + 6*s**3 - s**2. Is j(4) prime?
False
Suppose m - 1 - 3 = 0. Suppose 5*w + 72 = 2*i, 5*i - m*w - 71 = 143. Let q = i - 9. Is q a prime number?
True
Suppose 0 = u - 3*t - 266 - 293, 551 = u + t. Is u a composite number?
True
Suppose -5*o - 3*n + 2597 = -3*o, o = 2*n + 1309. Is o a prime number?
True
Let v(q) = -176*q - 7. Is v(-11) composite?
True
Suppose -2*j - 5*v + 3 + 5 = 0, 4 = j - 2*v. Suppose 5*q - j*d - 351 = 224, 2*d = -10. Is q a composite number?
True
Let q be (8/(-6))/((-4)/6). Let i be (0 - 12/(-9))*33. Suppose -q*l + 4*l - i = 0. Is l a prime number?
False
Let j(n) = n**3 + 8*n**2 - 12*n + 9. Let t be j(-9). Suppose 9*c + t = 5*c. Let v(g) = -13*g + 4. Is v(c) prime?
False
Let i(u) = -11*u**2 + u. Let o = 6 - 7. Let z be i(o). Is (-944)/z - 1/(-3) composite?
False
Let p(y) = 2*y**3 - 22*y + 19. Is p(10) prime?
False
Let d(r) = -r**2 - 3*r - 3. Let w be d(-2). Is 2 + w + 2 + 146 prime?
True
Let q(m) = m**3 - 5*m**2 + 5*m - 1. Let z be q(4). Let s = 7 - 5. Suppose s*a - 148 = -4*i, -z*i + 0*a = -3*a - 93. Is i a composite number?
True
Let l(h) = 558*h - 1. Is l(2) composite?
True
Let m be (-13478)/(-18) + (-6)/(-27). Suppose 8*h - 4*f - 761 = 3*h, 5*h - f = m. Is h a prime number?
True
Let w(y) = y**2 + 2*y - 5. Let j be 2*(15/(-2) - -3). Is w(j) prime?
False
Suppose -3*j - 141 = -4*j + 2*l, -5*l = 4*j - 564. Is j prime?
False
Suppose 4*y - 11 = 1. Let a(m) = -3*m**2 + 3 - 8 - m**3 + 7*m**2 + y*m. Is a(4) prime?
True
Is 1/1*(198 - -5) a prime number?
False
Let f = -11 - -11. Suppose n - 5 = -f*n. Is 30/4*4/n a composite number?
True
Suppose 2*h - 11 = -1. Suppose -h*a + p = -15, -2*p = a - 2*a - 6. Suppose -16 = -a*d, -k + 4*d = 4*k - 29. Is k prime?
False
Suppose 5*d = -2*j + 6813, 2*d + 4*j = 3*j + 2726. Is d a composite number?
False
Let k = -2 + 5. Suppose 0*r - 109 = -4*r - k*h, 2*r - 2*h = 44. Is r prime?
False
Suppose p + 2 + 4 = 0. Let q = 10 + p. Suppose b = -j - j + 43, 112 = 4*b - q*j. Is b composite?
True
Let b be 1 + ((-2)/1)/(-2). Suppose 1635 = b*j + 3*j. Is j a prime number?
False
Let d(q) = -q**3 - 4*q**2 - 4*q - 8. Let f be d(-4). Is 62/(f/(-4) + 4) prime?
True
Let a = 110 - 221. Let l = 196 + a. Is l composite?
True
Let z = -53 + 90. Let r = 59 - z. Is r composite?
True
Let j(d) = 3*d - 5*d + 8 + d. Is j(4) a prime number?
False
Let f = 1184 + -450. Is f a composite number?
True
Let f(r) = 39*r**2 - 3*r + 31. Is f(8) a composite number?
False
Let m(l) = 13*l - 3. Suppose -8 = -2*b + 4*b + 3*k, -4*k - 12 = 2*b. Is m(b) composite?
False
Suppose -3*t + 3584 = -3277. Is t a prime number?
True
Let n = -14 - -23. Let z be 576/10 + n/(-15). Suppose 0 = 4*u + 13 - z. Is u prime?
True
Suppose n + 81 = 458. Is n composite?
True
Suppose 2*d + 6 - 124 = 0. Is d a prime number?
True
Suppose -2360 = 4*c - 5*r - 9082, 5*r + 10 = 0. Is c prime?
False
Is 3*461*(9 + -8) a prime number?
False
Let w(d) = d**2 - 3*d. Let o(s) = s. Let c(a) = -2*o(a) + w(a). Let r be c(4). Let u(n) = -n**3 - 3*n**2 - 3*n + 5. Is u(r) prime?
False
Let u(b) = -65*b - 26. Let o(c) = -22*c - 9. Let t(h) = 17*o(h) - 6*u(h). Is t(2) a composite number?
True
Let r(n) = -n + 2. Suppose -16 = 2*f - 4*z, 0 = -f + 6*f + 4*z + 12. Is r(f) composite?
True
Suppose 2*r - 5*y + 1133 = 0, -2*y - 3*y - 1712 = 3*r. Let j = -378 - r. Is j a prime number?
True
Let l(p) = 224*p + 3. Is l(2) a composite number?
True
Let g(a) = 8*a - 3. Suppose 3*c + y + 6 - 24 = 0, -c + 5*y = 10. Is g(c) composite?
False
Is 9/(-6)*(-194)/3 a composite number?
False
Let y(w) = 2*w**2 - 7*w - 11. Is y(6) composite?
False
Let h = 8 - 8. Suppose -82 = -a + 4*q, -5*q - 19 - 6 = h. Is a composite?
True
Let l(i) = 32*i**2 - 8*i + 1. Let o(b) = 11*b**2 - 3*b. Let v(g) = 3*l(g) - 8*o(g). Let n(r) = r**2 + 5*r. Let d be n(-4). Is v(d) prime?
True
Suppose -2*k + 322 = -2*q, -293 - 343 = -4*k + 2*q. Is k a prime number?
True
Let u(q) = q**3 - 4*q**2 - 8*q - 1. Is u(8) a prime number?
True
Let t(v) = -105*v - 3. Let f be t(2). Suppose -4*l + 1252 = -3*j, -3*l = j - 3*j - 938. Let h = l + f. Is h composite?
False
Let w(x) = 68*x + 11. Let d be w(8). Suppose 0*u - d = -3*u. Is u a composite number?
True
Let j = -967 + 1668. Is j prime?
True
Let y be 2 - ((1 - -1) + 10). Let a be (5/y)/((-1)/118). Suppose -t + a = -52. Is t a prime number?
False
Let t(k) = -225*k + 22. Is t(-7) prime?
True
Suppose -c = -p, -2 = 3*p - 4*c - 0. Suppose p*d - 3*d = -59. Is d composite?
False
Let q(n) = 77*n + 187*n + 1 + 1 - 33*n. Is q(1) a composite number?
False
Let p = 2 + -4. Is (p + 0)/((-2)/287) a composite number?
True
Suppose 196 = 4*z + i, 4*i = 2*i. Let j = z + -21. Let y = 111 - j. Is y composite?
False
Let o(b) = -28*b + 5. Let m(c) = -27*c + 4. Let u(k) = 3*m(k) - 2*o(k). Is u(-3) composite?
True
Is 1247 - (2 - (3 + 1)) a prime number?
True
Suppose -4*y + 5 = -7. Suppose 3*x - 129 - 357 = -y*k, 0 = 2*k - 4*x - 318. Is k a composite number?
True
Let z(k) = -541*k + 28. Is z(-3) composite?
True
Let f = -47 + 132. Is f composite?
True
Let v be (-10)/45 + 1894/18. Suppose 9*g = 4*g - v. Let p = g + 31. Is p prime?
False
Suppose -3*b + 7*b = 0. Suppose z + 2 + 0 = b. Let a = 13 - z. Is a prime?
False
Let c be (-30)/4*2/(-3). Suppose c*i - 2 = -4*t, -3*t + 2*i + 3 = 5*i. Suppose 0 = -g - 5, t*k = -4*g + g + 63. Is k composite?
True
L